mmon divisor of 8 and 9734.
2
What is the highest common divisor of 7779 and 60?
3
Calculate the greatest common divisor of 28431 and 39.
39
What is the greatest common factor of 31809 and 2001?
69
What is the greatest common divisor of 297 and 479?
1
What is the highest common divisor of 1144 and 123448?
104
Calculate the highest common divisor of 1016190 and 504.
126
Calculate the highest common divisor of 104641 and 2152.
269
Calculate the greatest common factor of 3 and 548439.
3
Calculate the highest common factor of 6987 and 493.
17
Calculate the greatest common divisor of 669779 and 11.
11
Calculate the highest common divisor of 60 and 2289460.
20
What is the highest common divisor of 5292 and 6910029?
1323
Calculate the greatest common divisor of 73 and 37157.
73
Calculate the highest common factor of 2142 and 3150.
126
Calculate the highest common divisor of 1524439 and 14.
7
Calculate the highest common divisor of 1450 and 3200.
50
What is the highest common divisor of 39846 and 232?
58
What is the greatest common divisor of 225794 and 29312?
458
What is the greatest common divisor of 27553311 and 459?
459
What is the highest common factor of 37 and 531912?
37
What is the greatest common divisor of 495 and 25465?
55
Calculate the greatest common factor of 30 and 319750.
10
Calculate the highest common divisor of 8988 and 1344.
84
What is the greatest common factor of 19492 and 1144?
44
Calculate the highest common divisor of 5855 and 2920.
5
What is the greatest common factor of 4125 and 240?
15
Calculate the highest common factor of 36144 and 64.
16
What is the highest common factor of 153 and 16507?
17
Calculate the greatest common divisor of 1475 and 49900.
25
What is the greatest common divisor of 354740 and 60?
20
What is the highest common factor of 3896 and 2792?
8
What is the highest common divisor of 299920 and 10595?
815
What is the greatest common factor of 600 and 128550?
150
Calculate the highest common divisor of 14844 and 60.
12
What is the greatest common factor of 274 and 83981?
137
What is the greatest common divisor of 437 and 6045895?
437
Calculate the greatest common divisor of 92 and 141473.
23
What is the highest common factor of 74 and 744773?
37
What is the highest common divisor of 2110 and 2659022?
422
What is the greatest common factor of 6016 and 376?
376
What is the greatest common divisor of 66 and 24636?
6
What is the highest common divisor of 885224 and 46?
46
Calculate the highest common divisor of 390 and 15678.
78
What is the greatest common factor of 1062 and 209214?
1062
Calculate the greatest common factor of 9 and 73977.
3
What is the highest common divisor of 77 and 2758?
7
Calculate the greatest common factor of 889 and 23499.
7
Calculate the highest common factor of 300573 and 22113.
819
Calculate the highest common divisor of 59 and 932377.
59
What is the greatest common factor of 81316 and 87?
29
What is the greatest common divisor of 110 and 241417?
11
What is the highest common factor of 56290 and 91?
13
What is the greatest common factor of 5682 and 69?
3
Calculate the highest common factor of 12150 and 1900.
50
What is the greatest common divisor of 2279910 and 30?
30
Calculate the highest common divisor of 3657 and 253.
23
What is the highest common factor of 6611 and 1298?
11
Calculate the highest common divisor of 225 and 10225.
25
Calculate the highest common factor of 3 and 464307.
3
What is the highest common divisor of 4408 and 36917?
551
What is the greatest common factor of 9897223 and 7?
7
What is the greatest common factor of 26688 and 2976?
96
Calculate the greatest common divisor of 2991 and 1.
1
Calculate the greatest common divisor of 1508 and 124787.
377
Calculate the highest common factor of 117 and 54513.
9
What is the highest common divisor of 779 and 3534?
19
What is the greatest common divisor of 11475 and 187?
17
What is the greatest common divisor of 4 and 237292?
4
What is the highest common factor of 4032 and 216?
72
What is the highest common divisor of 670 and 702830?
670
What is the highest common factor of 205452 and 1152?
36
What is the highest common factor of 1480 and 57424?
296
What is the greatest common divisor of 20475 and 1911?
273
Calculate the greatest common divisor of 313538 and 814.
74
Calculate the greatest common divisor of 1045428 and 12.
12
Calculate the highest common divisor of 26 and 185120.
26
Calculate the greatest common factor of 25968 and 80.
16
What is the greatest common factor of 206560 and 160?
160
Calculate the greatest common factor of 880 and 23840.
80
What is the greatest common factor of 65 and 6071?
13
What is the greatest common factor of 178 and 61588?
178
Calculate the highest common divisor of 62 and 632059.
31
What is the highest common divisor of 123107 and 802?
401
Calculate the highest common factor of 1020 and 53980.
20
Calculate the highest common factor of 16610 and 2416.
302
What is the highest common factor of 1212984 and 51?
51
What is the greatest common factor of 205 and 7708?
41
Calculate the greatest common factor of 2 and 86409.
1
What is the highest common factor of 659742 and 186?
186
What is the greatest common divisor of 650 and 68380?
130
Calculate the greatest common factor of 88394 and 6562.
386
What is the highest common divisor of 79597 and 2192?
137
What is the greatest common divisor of 285 and 29583?
57
Calculate the greatest common factor of 285 and 101555.
95
Calculate the greatest common divisor of 50735 and 15330.
365
What is the highest common factor of 122 and 381372?
122
Calculate the highest common factor of 168 and 76524.
84
What is the highest common factor of 58 and 1859596?
58
What is the greatest common factor of 280 and 37030?
70
Calculate the greatest common divisor of 7221 and 46314.
249
What is the greatest common divisor of 696 and 37671?
87
What is the highest common factor of 960 and 314040?
120
Calculate the greatest common divisor of 27674 and 66862.
202
Calculate the greatest common divisor of 2240266 and 14.
14
Calculate the greatest common factor of 116655 and 231.
231
What is the highest common divisor of 3051 and 17628?
339
What is the highest common factor of 1577 and 475?
19
Calculate the highest common factor of 303 and 213.
3
Calculate the greatest common divisor of 32742 and 1275.
51
What is the highest common factor of 28788 and 48?
12
What is the greatest common divisor of 33 and 54831?
3
Calculate the highest common divisor of 390681 and 747.
747
Calculate the highest common divisor of 350 and 130850.
50
What is the highest common factor of 6527079 and 117?
117
What is the highest common factor of 64268 and 140?
4
Calculate the highest common divisor of 320 and 1000.
40
Calculate the highest common factor of 261814 and 28.
14
Calculate the highest common factor of 649 and 3498.
11
What is the greatest common factor of 157500 and 45?
45
Calculate the greatest common factor of 764 and 28077.
191
What is the greatest common factor of 279 and 1827?
9
What is the highest common divisor of 64144 and 2432?
304
Calculate the greatest common divisor of 361 and 19.
19
What is the highest common factor of 392 and 26313?
49
Calculate the highest common factor of 368 and 97244.
92
Calculate the highest common divisor of 5828 and 1798.
62
What is the greatest common factor of 142121 and 1659?
553
What is the greatest common factor of 49527 and 261?
9
What is the highest common factor of 37312 and 152?
8
Calculate the greatest common factor of 2640 and 8164200.
1320
Calculate the highest common factor of 315 and 355068.
63
What is the highest common factor of 513 and 11191?
19
What is the greatest common divisor of 355 and 10721?
71
What is the highest common divisor of 996912 and 345?
69
What is the greatest common factor of 9030 and 308?
14
Calculate the highest common divisor of 43472 and 416.
208
Calculate the greatest common factor of 200376 and 33.
33
What is the greatest common divisor of 153381 and 87?
87
What is the greatest common factor of 55 and 49797?
11
What is the highest common factor of 11190 and 350?
10
Calculate the highest common divisor of 2972150 and 50.
50
What is the highest common divisor of 80771 and 3127?
59
What is the greatest common facto